{"id":4925,"date":"2026-03-25T18:11:57","date_gmt":"2026-03-25T17:11:57","guid":{"rendered":"https:\/\/assmgym.saintmedardasso.fr\/?page_id=4925"},"modified":"2026-03-25T21:19:24","modified_gmt":"2026-03-25T20:19:24","slug":"soiree-deguisee-2008","status":"publish","type":"page","link":"https:\/\/assmgym.saintmedardasso.fr\/?page_id=4925","title":{"rendered":"SOIR\u00c9E D\u00c9GUIS\u00c9E 2008"},"content":{"rendered":"\n<p>Retour en images sur la soir\u00e9e d\u00e9guis\u00e9e de 2008 dont le th\u00e8me \u00e9tait \u00ab\u00a0Yellow\u00a0\u00bb !<br \/>Merci \u00e0 tous d&rsquo;avoir jou\u00e9 le jeu, vous \u00e9tiez magnifiques !<\/p>\n\n\n\n<figure class=\"wp-block-gallery has-nested-images columns-4 is-cropped\">\n<figure class=\"wp-block-image size-large\"><a href=\"https:\/\/assmgym.saintmedardasso.fr\/wp-content\/uploads\/2026\/03\/soiree-deguisee-2008-1.jpg\"><img loading=\"lazy\" width=\"1024\" height=\"681\" data-id=\"4930\"  src=\"https:\/\/assmgym.saintmedardasso.fr\/wp-content\/uploads\/2026\/03\/soiree-deguisee-2008-1-1024x681.jpg\" alt=\"\" class=\"wp-image-4930\" srcset=\"https:\/\/assmgym.saintmedardasso.fr\/wp-content\/uploads\/2026\/03\/soiree-deguisee-2008-1-1024x681.jpg 1024w, https:\/\/assmgym.saintmedardasso.fr\/wp-content\/uploads\/2026\/03\/soiree-deguisee-2008-1-300x200.jpg 300w, https:\/\/assmgym.saintmedardasso.fr\/wp-content\/uploads\/2026\/03\/soiree-deguisee-2008-1-768x511.jpg 768w, https:\/\/assmgym.saintmedardasso.fr\/wp-content\/uploads\/2026\/03\/soiree-deguisee-2008-1-1536x1021.jpg 1536w, https:\/\/assmgym.saintmedardasso.fr\/wp-content\/uploads\/2026\/03\/soiree-deguisee-2008-1-1800x1197.jpg 1800w, https:\/\/assmgym.saintmedardasso.fr\/wp-content\/uploads\/2026\/03\/soiree-deguisee-2008-1.jpg 2006w\" sizes=\"(max-width: 1024px) 100vw, 1024px\" \/><\/a><\/figure>\n\n\n\n<figure class=\"wp-block-image size-large\"><a href=\"https:\/\/assmgym.saintmedardasso.fr\/wp-content\/uploads\/2026\/03\/soiree-deguisee-2008-2.jpg\"><img loading=\"lazy\" width=\"681\" height=\"1024\" data-id=\"4931\"  src=\"https:\/\/assmgym.saintmedardasso.fr\/wp-content\/uploads\/2026\/03\/soiree-deguisee-2008-2-681x1024.jpg\" alt=\"\" class=\"wp-image-4931\" srcset=\"https:\/\/assmgym.saintmedardasso.fr\/wp-content\/uploads\/2026\/03\/soiree-deguisee-2008-2-681x1024.jpg 681w, https:\/\/assmgym.saintmedardasso.fr\/wp-content\/uploads\/2026\/03\/soiree-deguisee-2008-2-199x300.jpg 199w, https:\/\/assmgym.saintmedardasso.fr\/wp-content\/uploads\/2026\/03\/soiree-deguisee-2008-2-768x1155.jpg 768w, https:\/\/assmgym.saintmedardasso.fr\/wp-content\/uploads\/2026\/03\/soiree-deguisee-2008-2-1021x1536.jpg 1021w, https:\/\/assmgym.saintmedardasso.fr\/wp-content\/uploads\/2026\/03\/soiree-deguisee-2008-2.jpg 1250w\" sizes=\"(max-width: 681px) 100vw, 681px\" \/><\/a><\/figure>\n\n\n\n<figure class=\"wp-block-image size-large\"><a href=\"https:\/\/assmgym.saintmedardasso.fr\/wp-content\/uploads\/2026\/03\/soiree-deguisee-2008-3.jpg\"><img loading=\"lazy\" width=\"681\" height=\"1024\" data-id=\"4927\"  src=\"https:\/\/assmgym.saintmedardasso.fr\/wp-content\/uploads\/2026\/03\/soiree-deguisee-2008-3-681x1024.jpg\" alt=\"\" class=\"wp-image-4927\" srcset=\"https:\/\/assmgym.saintmedardasso.fr\/wp-content\/uploads\/2026\/03\/soiree-deguisee-2008-3-681x1024.jpg 681w, https:\/\/assmgym.saintmedardasso.fr\/wp-content\/uploads\/2026\/03\/soiree-deguisee-2008-3-199x300.jpg 199w, https:\/\/assmgym.saintmedardasso.fr\/wp-content\/uploads\/2026\/03\/soiree-deguisee-2008-3-768x1155.jpg 768w, https:\/\/assmgym.saintmedardasso.fr\/wp-content\/uploads\/2026\/03\/soiree-deguisee-2008-3-1021x1536.jpg 1021w, https:\/\/assmgym.saintmedardasso.fr\/wp-content\/uploads\/2026\/03\/soiree-deguisee-2008-3.jpg 1250w\" sizes=\"(max-width: 681px) 100vw, 681px\" \/><\/a><\/figure>\n\n\n\n<figure class=\"wp-block-image size-large\"><a href=\"https:\/\/assmgym.saintmedardasso.fr\/wp-content\/uploads\/2026\/03\/soiree-deguisee-2008-4.jpg\"><img loading=\"lazy\" width=\"1024\" height=\"681\" data-id=\"4929\"  src=\"https:\/\/assmgym.saintmedardasso.fr\/wp-content\/uploads\/2026\/03\/soiree-deguisee-2008-4-1024x681.jpg\" alt=\"\" class=\"wp-image-4929\" srcset=\"https:\/\/assmgym.saintmedardasso.fr\/wp-content\/uploads\/2026\/03\/soiree-deguisee-2008-4-1024x681.jpg 1024w, https:\/\/assmgym.saintmedardasso.fr\/wp-content\/uploads\/2026\/03\/soiree-deguisee-2008-4-300x199.jpg 300w, https:\/\/assmgym.saintmedardasso.fr\/wp-content\/uploads\/2026\/03\/soiree-deguisee-2008-4-768x511.jpg 768w, https:\/\/assmgym.saintmedardasso.fr\/wp-content\/uploads\/2026\/03\/soiree-deguisee-2008-4-1536x1021.jpg 1536w, https:\/\/assmgym.saintmedardasso.fr\/wp-content\/uploads\/2026\/03\/soiree-deguisee-2008-4-1800x1197.jpg 1800w, https:\/\/assmgym.saintmedardasso.fr\/wp-content\/uploads\/2026\/03\/soiree-deguisee-2008-4.jpg 1880w\" sizes=\"(max-width: 1024px) 100vw, 1024px\" \/><\/a><\/figure>\n\n\n\n<figure class=\"wp-block-image size-large\"><a href=\"https:\/\/assmgym.saintmedardasso.fr\/wp-content\/uploads\/2026\/03\/soiree-deguisee-2008-5.jpg\"><img loading=\"lazy\" width=\"1024\" height=\"681\" data-id=\"4928\"  src=\"https:\/\/assmgym.saintmedardasso.fr\/wp-content\/uploads\/2026\/03\/soiree-deguisee-2008-5-1024x681.jpg\" alt=\"\" class=\"wp-image-4928\" srcset=\"https:\/\/assmgym.saintmedardasso.fr\/wp-content\/uploads\/2026\/03\/soiree-deguisee-2008-5-1024x681.jpg 1024w, https:\/\/assmgym.saintmedardasso.fr\/wp-content\/uploads\/2026\/03\/soiree-deguisee-2008-5-300x199.jpg 300w, https:\/\/assmgym.saintmedardasso.fr\/wp-content\/uploads\/2026\/03\/soiree-deguisee-2008-5-768x511.jpg 768w, https:\/\/assmgym.saintmedardasso.fr\/wp-content\/uploads\/2026\/03\/soiree-deguisee-2008-5-1536x1021.jpg 1536w, https:\/\/assmgym.saintmedardasso.fr\/wp-content\/uploads\/2026\/03\/soiree-deguisee-2008-5-1800x1197.jpg 1800w, https:\/\/assmgym.saintmedardasso.fr\/wp-content\/uploads\/2026\/03\/soiree-deguisee-2008-5.jpg 1880w\" sizes=\"(max-width: 1024px) 100vw, 1024px\" \/><\/a><\/figure>\n\n\n\n<figure class=\"wp-block-image size-large\"><a href=\"https:\/\/assmgym.saintmedardasso.fr\/wp-content\/uploads\/2026\/03\/soiree-deguisee-2008-6.jpg\"><img loading=\"lazy\" width=\"1024\" height=\"681\" data-id=\"4932\"  src=\"https:\/\/assmgym.saintmedardasso.fr\/wp-content\/uploads\/2026\/03\/soiree-deguisee-2008-6-1024x681.jpg\" alt=\"\" class=\"wp-image-4932\" srcset=\"https:\/\/assmgym.saintmedardasso.fr\/wp-content\/uploads\/2026\/03\/soiree-deguisee-2008-6-1024x681.jpg 1024w, https:\/\/assmgym.saintmedardasso.fr\/wp-content\/uploads\/2026\/03\/soiree-deguisee-2008-6-300x199.jpg 300w, https:\/\/assmgym.saintmedardasso.fr\/wp-content\/uploads\/2026\/03\/soiree-deguisee-2008-6-768x511.jpg 768w, https:\/\/assmgym.saintmedardasso.fr\/wp-content\/uploads\/2026\/03\/soiree-deguisee-2008-6-1536x1021.jpg 1536w, https:\/\/assmgym.saintmedardasso.fr\/wp-content\/uploads\/2026\/03\/soiree-deguisee-2008-6-1800x1197.jpg 1800w, https:\/\/assmgym.saintmedardasso.fr\/wp-content\/uploads\/2026\/03\/soiree-deguisee-2008-6.jpg 1880w\" sizes=\"(max-width: 1024px) 100vw, 1024px\" \/><\/a><\/figure>\n\n\n\n<figure class=\"wp-block-image size-large\"><a href=\"https:\/\/assmgym.saintmedardasso.fr\/wp-content\/uploads\/2026\/03\/soiree-deguisee-2008-7.jpg\"><img loading=\"lazy\" width=\"768\" height=\"1024\" data-id=\"4933\"  src=\"https:\/\/assmgym.saintmedardasso.fr\/wp-content\/uploads\/2026\/03\/soiree-deguisee-2008-7-768x1024.jpg\" alt=\"\" class=\"wp-image-4933\" srcset=\"https:\/\/assmgym.saintmedardasso.fr\/wp-content\/uploads\/2026\/03\/soiree-deguisee-2008-7-768x1024.jpg 768w, https:\/\/assmgym.saintmedardasso.fr\/wp-content\/uploads\/2026\/03\/soiree-deguisee-2008-7-225x300.jpg 225w, https:\/\/assmgym.saintmedardasso.fr\/wp-content\/uploads\/2026\/03\/soiree-deguisee-2008-7-1152x1536.jpg 1152w, https:\/\/assmgym.saintmedardasso.fr\/wp-content\/uploads\/2026\/03\/soiree-deguisee-2008-7-900x1200.jpg 900w, https:\/\/assmgym.saintmedardasso.fr\/wp-content\/uploads\/2026\/03\/soiree-deguisee-2008-7.jpg 1536w\" sizes=\"(max-width: 768px) 100vw, 768px\" \/><\/a><\/figure>\n\n\n\n<figure class=\"wp-block-image size-large\"><a href=\"https:\/\/assmgym.saintmedardasso.fr\/wp-content\/uploads\/2026\/03\/soiree-deguisee-2008-8.jpg\"><img loading=\"lazy\" width=\"480\" height=\"640\" data-id=\"4926\"  src=\"https:\/\/assmgym.saintmedardasso.fr\/wp-content\/uploads\/2026\/03\/soiree-deguisee-2008-8.jpg\" alt=\"\" class=\"wp-image-4926\" srcset=\"https:\/\/assmgym.saintmedardasso.fr\/wp-content\/uploads\/2026\/03\/soiree-deguisee-2008-8.jpg 480w, https:\/\/assmgym.saintmedardasso.fr\/wp-content\/uploads\/2026\/03\/soiree-deguisee-2008-8-225x300.jpg 225w\" sizes=\"(max-width: 480px) 100vw, 480px\" \/><\/a><\/figure>\n\n\n\n<figure class=\"wp-block-image size-large\"><a href=\"https:\/\/assmgym.saintmedardasso.fr\/wp-content\/uploads\/2026\/03\/92134335_2853520141406097_5824986108856893440_n.jpg\"><img loading=\"lazy\" width=\"1024\" height=\"681\" data-id=\"4938\"  src=\"https:\/\/assmgym.saintmedardasso.fr\/wp-content\/uploads\/2026\/03\/92134335_2853520141406097_5824986108856893440_n-1024x681.jpg\" alt=\"\" class=\"wp-image-4938\" srcset=\"https:\/\/assmgym.saintmedardasso.fr\/wp-content\/uploads\/2026\/03\/92134335_2853520141406097_5824986108856893440_n-1024x681.jpg 1024w, https:\/\/assmgym.saintmedardasso.fr\/wp-content\/uploads\/2026\/03\/92134335_2853520141406097_5824986108856893440_n-300x199.jpg 300w, https:\/\/assmgym.saintmedardasso.fr\/wp-content\/uploads\/2026\/03\/92134335_2853520141406097_5824986108856893440_n-768x511.jpg 768w, https:\/\/assmgym.saintmedardasso.fr\/wp-content\/uploads\/2026\/03\/92134335_2853520141406097_5824986108856893440_n-1536x1021.jpg 1536w, https:\/\/assmgym.saintmedardasso.fr\/wp-content\/uploads\/2026\/03\/92134335_2853520141406097_5824986108856893440_n-1800x1197.jpg 1800w, https:\/\/assmgym.saintmedardasso.fr\/wp-content\/uploads\/2026\/03\/92134335_2853520141406097_5824986108856893440_n.jpg 1880w\" sizes=\"(max-width: 1024px) 100vw, 1024px\" \/><\/a><\/figure>\n\n\n\n<figure class=\"wp-block-image size-large\"><a href=\"https:\/\/assmgym.saintmedardasso.fr\/wp-content\/uploads\/2026\/03\/92196067_2853520151406096_5160447624695775232_n.jpg\"><img loading=\"lazy\" width=\"1024\" height=\"681\" data-id=\"4939\"  src=\"https:\/\/assmgym.saintmedardasso.fr\/wp-content\/uploads\/2026\/03\/92196067_2853520151406096_5160447624695775232_n-1024x681.jpg\" alt=\"\" class=\"wp-image-4939\" srcset=\"https:\/\/assmgym.saintmedardasso.fr\/wp-content\/uploads\/2026\/03\/92196067_2853520151406096_5160447624695775232_n-1024x681.jpg 1024w, https:\/\/assmgym.saintmedardasso.fr\/wp-content\/uploads\/2026\/03\/92196067_2853520151406096_5160447624695775232_n-300x199.jpg 300w, https:\/\/assmgym.saintmedardasso.fr\/wp-content\/uploads\/2026\/03\/92196067_2853520151406096_5160447624695775232_n-768x511.jpg 768w, https:\/\/assmgym.saintmedardasso.fr\/wp-content\/uploads\/2026\/03\/92196067_2853520151406096_5160447624695775232_n-1536x1021.jpg 1536w, https:\/\/assmgym.saintmedardasso.fr\/wp-content\/uploads\/2026\/03\/92196067_2853520151406096_5160447624695775232_n-1800x1197.jpg 1800w, https:\/\/assmgym.saintmedardasso.fr\/wp-content\/uploads\/2026\/03\/92196067_2853520151406096_5160447624695775232_n.jpg 1880w\" sizes=\"(max-width: 1024px) 100vw, 1024px\" \/><\/a><\/figure>\n<\/figure>\n","protected":false},"excerpt":{"rendered":"<p>Retour en images sur la soir\u00e9e d\u00e9guis\u00e9e de 2008 dont le th\u00e8me \u00e9tait \u00ab\u00a0Yellow\u00a0\u00bb !Merci \u00e0 tous d&rsquo;avoir jou\u00e9 le jeu, vous \u00e9tiez magnifiques [&#8230;]<\/p>\n","protected":false},"author":2,"featured_media":0,"parent":0,"menu_order":0,"comment_status":"closed","ping_status":"closed","template":"","meta":{"ngg_post_thumbnail":0},"_links":{"self":[{"href":"https:\/\/assmgym.saintmedardasso.fr\/index.php?rest_route=\/wp\/v2\/pages\/4925"}],"collection":[{"href":"https:\/\/assmgym.saintmedardasso.fr\/index.php?rest_route=\/wp\/v2\/pages"}],"about":[{"href":"https:\/\/assmgym.saintmedardasso.fr\/index.php?rest_route=\/wp\/v2\/types\/page"}],"author":[{"embeddable":true,"href":"https:\/\/assmgym.saintmedardasso.fr\/index.php?rest_route=\/wp\/v2\/users\/2"}],"replies":[{"embeddable":true,"href":"https:\/\/assmgym.saintmedardasso.fr\/index.php?rest_route=%2Fwp%2Fv2%2Fcomments&post=4925"}],"version-history":[{"count":2,"href":"https:\/\/assmgym.saintmedardasso.fr\/index.php?rest_route=\/wp\/v2\/pages\/4925\/revisions"}],"predecessor-version":[{"id":4940,"href":"https:\/\/assmgym.saintmedardasso.fr\/index.php?rest_route=\/wp\/v2\/pages\/4925\/revisions\/4940"}],"wp:attachment":[{"href":"https:\/\/assmgym.saintmedardasso.fr\/index.php?rest_route=%2Fwp%2Fv2%2Fmedia&parent=4925"}],"curies":[{"name":"wp","href":"https:\/\/api.w.org\/{rel}","templated":true}]}}