{"id":4483,"date":"2026-03-17T14:17:47","date_gmt":"2026-03-17T13:17:47","guid":{"rendered":"https:\/\/assmgym.saintmedardasso.fr\/?page_id=4483"},"modified":"2026-03-17T14:17:47","modified_gmt":"2026-03-17T13:17:47","slug":"championnat-departemental-teamgym","status":"publish","type":"page","link":"https:\/\/assmgym.saintmedardasso.fr\/?page_id=4483","title":{"rendered":"CHAMPIONNAT DEPARTEMENTAL TEAMGYM"},"content":{"rendered":"\n<p>Notre \u00e9quipe de TeamGym engag\u00e9e en D\u00e9tente Mixte termine 1\u00e8re et devient ainsi Championne de Gironde ce 12 janvier 2014 !<br \/><br \/>Bravo \u00e0 tous et merci aux coachs, juges et supporters ! <\/p>\n\n\n\n<figure class=\"wp-block-gallery has-nested-images columns-4 is-cropped\">\n<figure class=\"wp-block-image size-large\"><a href=\"https:\/\/assmgym.saintmedardasso.fr\/wp-content\/uploads\/2026\/03\/Teamgym-1.jpg\"><img loading=\"lazy\" width=\"400\" height=\"600\" data-id=\"4488\"  src=\"https:\/\/assmgym.saintmedardasso.fr\/wp-content\/uploads\/2026\/03\/Teamgym-1.jpg\" alt=\"\" class=\"wp-image-4488\" srcset=\"https:\/\/assmgym.saintmedardasso.fr\/wp-content\/uploads\/2026\/03\/Teamgym-1.jpg 400w, https:\/\/assmgym.saintmedardasso.fr\/wp-content\/uploads\/2026\/03\/Teamgym-1-200x300.jpg 200w\" sizes=\"(max-width: 400px) 100vw, 400px\" \/><\/a><\/figure>\n\n\n\n<figure class=\"wp-block-image size-large\"><a href=\"https:\/\/assmgym.saintmedardasso.fr\/wp-content\/uploads\/2026\/03\/Teamgym-2.jpg\"><img loading=\"lazy\" width=\"400\" height=\"600\" data-id=\"4484\"  src=\"https:\/\/assmgym.saintmedardasso.fr\/wp-content\/uploads\/2026\/03\/Teamgym-2.jpg\" alt=\"\" class=\"wp-image-4484\" srcset=\"https:\/\/assmgym.saintmedardasso.fr\/wp-content\/uploads\/2026\/03\/Teamgym-2.jpg 400w, https:\/\/assmgym.saintmedardasso.fr\/wp-content\/uploads\/2026\/03\/Teamgym-2-200x300.jpg 200w\" sizes=\"(max-width: 400px) 100vw, 400px\" \/><\/a><\/figure>\n\n\n\n<figure class=\"wp-block-image size-large\"><a href=\"https:\/\/assmgym.saintmedardasso.fr\/wp-content\/uploads\/2026\/03\/Teamgym-3.jpg\"><img loading=\"lazy\" width=\"400\" height=\"600\" data-id=\"4485\"  src=\"https:\/\/assmgym.saintmedardasso.fr\/wp-content\/uploads\/2026\/03\/Teamgym-3.jpg\" alt=\"\" class=\"wp-image-4485\" srcset=\"https:\/\/assmgym.saintmedardasso.fr\/wp-content\/uploads\/2026\/03\/Teamgym-3.jpg 400w, https:\/\/assmgym.saintmedardasso.fr\/wp-content\/uploads\/2026\/03\/Teamgym-3-200x300.jpg 200w\" sizes=\"(max-width: 400px) 100vw, 400px\" \/><\/a><\/figure>\n\n\n\n<figure class=\"wp-block-image size-large\"><a href=\"https:\/\/assmgym.saintmedardasso.fr\/wp-content\/uploads\/2026\/03\/Teamgym-4.jpg\"><img loading=\"lazy\" width=\"400\" height=\"600\" data-id=\"4486\"  src=\"https:\/\/assmgym.saintmedardasso.fr\/wp-content\/uploads\/2026\/03\/Teamgym-4.jpg\" alt=\"\" class=\"wp-image-4486\" srcset=\"https:\/\/assmgym.saintmedardasso.fr\/wp-content\/uploads\/2026\/03\/Teamgym-4.jpg 400w, https:\/\/assmgym.saintmedardasso.fr\/wp-content\/uploads\/2026\/03\/Teamgym-4-200x300.jpg 200w\" sizes=\"(max-width: 400px) 100vw, 400px\" \/><\/a><\/figure>\n\n\n\n<figure class=\"wp-block-image size-large\"><a href=\"https:\/\/assmgym.saintmedardasso.fr\/wp-content\/uploads\/2026\/03\/Teamgym-5.jpg\"><img loading=\"lazy\" width=\"400\" height=\"600\" data-id=\"4487\"  src=\"https:\/\/assmgym.saintmedardasso.fr\/wp-content\/uploads\/2026\/03\/Teamgym-5.jpg\" alt=\"\" class=\"wp-image-4487\" srcset=\"https:\/\/assmgym.saintmedardasso.fr\/wp-content\/uploads\/2026\/03\/Teamgym-5.jpg 400w, https:\/\/assmgym.saintmedardasso.fr\/wp-content\/uploads\/2026\/03\/Teamgym-5-200x300.jpg 200w\" sizes=\"(max-width: 400px) 100vw, 400px\" \/><\/a><\/figure>\n\n\n\n<figure class=\"wp-block-image size-large\"><a href=\"https:\/\/assmgym.saintmedardasso.fr\/wp-content\/uploads\/2026\/03\/Teamgym-6.jpg\"><img loading=\"lazy\" width=\"800\" height=\"533\" data-id=\"4489\"  src=\"https:\/\/assmgym.saintmedardasso.fr\/wp-content\/uploads\/2026\/03\/Teamgym-6.jpg\" alt=\"\" class=\"wp-image-4489\" srcset=\"https:\/\/assmgym.saintmedardasso.fr\/wp-content\/uploads\/2026\/03\/Teamgym-6.jpg 800w, https:\/\/assmgym.saintmedardasso.fr\/wp-content\/uploads\/2026\/03\/Teamgym-6-300x200.jpg 300w, https:\/\/assmgym.saintmedardasso.fr\/wp-content\/uploads\/2026\/03\/Teamgym-6-768x512.jpg 768w\" sizes=\"(max-width: 800px) 100vw, 800px\" \/><\/a><\/figure>\n\n\n\n<figure class=\"wp-block-image size-large\"><a href=\"https:\/\/assmgym.saintmedardasso.fr\/wp-content\/uploads\/2026\/03\/Teamgym-7.jpg\"><img loading=\"lazy\" width=\"800\" height=\"533\" data-id=\"4490\"  src=\"https:\/\/assmgym.saintmedardasso.fr\/wp-content\/uploads\/2026\/03\/Teamgym-7.jpg\" alt=\"\" class=\"wp-image-4490\" srcset=\"https:\/\/assmgym.saintmedardasso.fr\/wp-content\/uploads\/2026\/03\/Teamgym-7.jpg 800w, https:\/\/assmgym.saintmedardasso.fr\/wp-content\/uploads\/2026\/03\/Teamgym-7-300x200.jpg 300w, https:\/\/assmgym.saintmedardasso.fr\/wp-content\/uploads\/2026\/03\/Teamgym-7-768x512.jpg 768w\" sizes=\"(max-width: 800px) 100vw, 800px\" \/><\/a><\/figure>\n\n\n\n<figure class=\"wp-block-image size-large\"><a href=\"https:\/\/assmgym.saintmedardasso.fr\/wp-content\/uploads\/2026\/03\/Teamgym-8.jpg\"><img loading=\"lazy\" width=\"800\" height=\"533\" data-id=\"4491\"  src=\"https:\/\/assmgym.saintmedardasso.fr\/wp-content\/uploads\/2026\/03\/Teamgym-8.jpg\" alt=\"\" class=\"wp-image-4491\" srcset=\"https:\/\/assmgym.saintmedardasso.fr\/wp-content\/uploads\/2026\/03\/Teamgym-8.jpg 800w, https:\/\/assmgym.saintmedardasso.fr\/wp-content\/uploads\/2026\/03\/Teamgym-8-300x200.jpg 300w, https:\/\/assmgym.saintmedardasso.fr\/wp-content\/uploads\/2026\/03\/Teamgym-8-768x512.jpg 768w\" sizes=\"(max-width: 800px) 100vw, 800px\" \/><\/a><\/figure>\n\n\n\n<figure class=\"wp-block-image size-large\"><a href=\"https:\/\/assmgym.saintmedardasso.fr\/wp-content\/uploads\/2026\/03\/Teamgym-9.jpg\"><img loading=\"lazy\" width=\"800\" height=\"533\" data-id=\"4493\"  src=\"https:\/\/assmgym.saintmedardasso.fr\/wp-content\/uploads\/2026\/03\/Teamgym-9.jpg\" alt=\"\" class=\"wp-image-4493\" srcset=\"https:\/\/assmgym.saintmedardasso.fr\/wp-content\/uploads\/2026\/03\/Teamgym-9.jpg 800w, https:\/\/assmgym.saintmedardasso.fr\/wp-content\/uploads\/2026\/03\/Teamgym-9-300x200.jpg 300w, https:\/\/assmgym.saintmedardasso.fr\/wp-content\/uploads\/2026\/03\/Teamgym-9-768x512.jpg 768w\" sizes=\"(max-width: 800px) 100vw, 800px\" \/><\/a><\/figure>\n\n\n\n<figure class=\"wp-block-image size-large\"><a href=\"https:\/\/assmgym.saintmedardasso.fr\/wp-content\/uploads\/2026\/03\/Teamgym-10.jpg\"><img loading=\"lazy\" width=\"400\" height=\"600\" data-id=\"4492\"  src=\"https:\/\/assmgym.saintmedardasso.fr\/wp-content\/uploads\/2026\/03\/Teamgym-10.jpg\" alt=\"\" class=\"wp-image-4492\" srcset=\"https:\/\/assmgym.saintmedardasso.fr\/wp-content\/uploads\/2026\/03\/Teamgym-10.jpg 400w, https:\/\/assmgym.saintmedardasso.fr\/wp-content\/uploads\/2026\/03\/Teamgym-10-200x300.jpg 200w\" sizes=\"(max-width: 400px) 100vw, 400px\" \/><\/a><\/figure>\n\n\n\n<figure class=\"wp-block-image size-large\"><a href=\"https:\/\/assmgym.saintmedardasso.fr\/wp-content\/uploads\/2026\/03\/Teamgym-11.jpg\"><img loading=\"lazy\" width=\"800\" height=\"533\" data-id=\"4494\"  src=\"https:\/\/assmgym.saintmedardasso.fr\/wp-content\/uploads\/2026\/03\/Teamgym-11.jpg\" alt=\"\" class=\"wp-image-4494\" srcset=\"https:\/\/assmgym.saintmedardasso.fr\/wp-content\/uploads\/2026\/03\/Teamgym-11.jpg 800w, https:\/\/assmgym.saintmedardasso.fr\/wp-content\/uploads\/2026\/03\/Teamgym-11-300x200.jpg 300w, https:\/\/assmgym.saintmedardasso.fr\/wp-content\/uploads\/2026\/03\/Teamgym-11-768x512.jpg 768w\" sizes=\"(max-width: 800px) 100vw, 800px\" \/><\/a><\/figure>\n\n\n\n<figure class=\"wp-block-image size-large\"><a href=\"https:\/\/assmgym.saintmedardasso.fr\/wp-content\/uploads\/2026\/03\/Teamgym-12.jpg\"><img loading=\"lazy\" width=\"800\" height=\"533\" data-id=\"4499\"  src=\"https:\/\/assmgym.saintmedardasso.fr\/wp-content\/uploads\/2026\/03\/Teamgym-12.jpg\" alt=\"\" class=\"wp-image-4499\" srcset=\"https:\/\/assmgym.saintmedardasso.fr\/wp-content\/uploads\/2026\/03\/Teamgym-12.jpg 800w, https:\/\/assmgym.saintmedardasso.fr\/wp-content\/uploads\/2026\/03\/Teamgym-12-300x200.jpg 300w, https:\/\/assmgym.saintmedardasso.fr\/wp-content\/uploads\/2026\/03\/Teamgym-12-768x512.jpg 768w\" sizes=\"(max-width: 800px) 100vw, 800px\" \/><\/a><\/figure>\n\n\n\n<figure class=\"wp-block-image size-large\"><a href=\"https:\/\/assmgym.saintmedardasso.fr\/wp-content\/uploads\/2026\/03\/Teamgym-13.jpg\"><img loading=\"lazy\" width=\"800\" height=\"533\" data-id=\"4501\"  src=\"https:\/\/assmgym.saintmedardasso.fr\/wp-content\/uploads\/2026\/03\/Teamgym-13.jpg\" alt=\"\" class=\"wp-image-4501\" srcset=\"https:\/\/assmgym.saintmedardasso.fr\/wp-content\/uploads\/2026\/03\/Teamgym-13.jpg 800w, https:\/\/assmgym.saintmedardasso.fr\/wp-content\/uploads\/2026\/03\/Teamgym-13-300x200.jpg 300w, https:\/\/assmgym.saintmedardasso.fr\/wp-content\/uploads\/2026\/03\/Teamgym-13-768x512.jpg 768w\" sizes=\"(max-width: 800px) 100vw, 800px\" \/><\/a><\/figure>\n\n\n\n<figure class=\"wp-block-image size-large\"><a href=\"https:\/\/assmgym.saintmedardasso.fr\/wp-content\/uploads\/2026\/03\/Teamgym-14.jpg\"><img loading=\"lazy\" width=\"800\" height=\"533\" data-id=\"4500\"  src=\"https:\/\/assmgym.saintmedardasso.fr\/wp-content\/uploads\/2026\/03\/Teamgym-14.jpg\" alt=\"\" class=\"wp-image-4500\" srcset=\"https:\/\/assmgym.saintmedardasso.fr\/wp-content\/uploads\/2026\/03\/Teamgym-14.jpg 800w, https:\/\/assmgym.saintmedardasso.fr\/wp-content\/uploads\/2026\/03\/Teamgym-14-300x200.jpg 300w, https:\/\/assmgym.saintmedardasso.fr\/wp-content\/uploads\/2026\/03\/Teamgym-14-768x512.jpg 768w\" sizes=\"(max-width: 800px) 100vw, 800px\" \/><\/a><\/figure>\n\n\n\n<figure class=\"wp-block-image size-large\"><a href=\"https:\/\/assmgym.saintmedardasso.fr\/wp-content\/uploads\/2026\/03\/Teamgym-15.jpg\"><img loading=\"lazy\" width=\"400\" height=\"600\" data-id=\"4495\"  src=\"https:\/\/assmgym.saintmedardasso.fr\/wp-content\/uploads\/2026\/03\/Teamgym-15.jpg\" alt=\"\" class=\"wp-image-4495\" srcset=\"https:\/\/assmgym.saintmedardasso.fr\/wp-content\/uploads\/2026\/03\/Teamgym-15.jpg 400w, https:\/\/assmgym.saintmedardasso.fr\/wp-content\/uploads\/2026\/03\/Teamgym-15-200x300.jpg 200w\" sizes=\"(max-width: 400px) 100vw, 400px\" \/><\/a><\/figure>\n\n\n\n<figure class=\"wp-block-image size-large\"><a href=\"https:\/\/assmgym.saintmedardasso.fr\/wp-content\/uploads\/2026\/03\/Teamgym-16.jpg\"><img loading=\"lazy\" width=\"400\" height=\"600\" data-id=\"4496\"  src=\"https:\/\/assmgym.saintmedardasso.fr\/wp-content\/uploads\/2026\/03\/Teamgym-16.jpg\" alt=\"\" class=\"wp-image-4496\" srcset=\"https:\/\/assmgym.saintmedardasso.fr\/wp-content\/uploads\/2026\/03\/Teamgym-16.jpg 400w, https:\/\/assmgym.saintmedardasso.fr\/wp-content\/uploads\/2026\/03\/Teamgym-16-200x300.jpg 200w\" sizes=\"(max-width: 400px) 100vw, 400px\" \/><\/a><\/figure>\n\n\n\n<figure class=\"wp-block-image size-large\"><a href=\"https:\/\/assmgym.saintmedardasso.fr\/wp-content\/uploads\/2026\/03\/Teamgym-17.jpg\"><img loading=\"lazy\" width=\"400\" height=\"600\" data-id=\"4497\"  src=\"https:\/\/assmgym.saintmedardasso.fr\/wp-content\/uploads\/2026\/03\/Teamgym-17.jpg\" alt=\"\" class=\"wp-image-4497\" srcset=\"https:\/\/assmgym.saintmedardasso.fr\/wp-content\/uploads\/2026\/03\/Teamgym-17.jpg 400w, https:\/\/assmgym.saintmedardasso.fr\/wp-content\/uploads\/2026\/03\/Teamgym-17-200x300.jpg 200w\" sizes=\"(max-width: 400px) 100vw, 400px\" \/><\/a><\/figure>\n\n\n\n<figure class=\"wp-block-image size-large\"><a href=\"https:\/\/assmgym.saintmedardasso.fr\/wp-content\/uploads\/2026\/03\/Teamgym-18.jpg\"><img loading=\"lazy\" width=\"400\" height=\"600\" data-id=\"4498\"  src=\"https:\/\/assmgym.saintmedardasso.fr\/wp-content\/uploads\/2026\/03\/Teamgym-18.jpg\" alt=\"\" class=\"wp-image-4498\" srcset=\"https:\/\/assmgym.saintmedardasso.fr\/wp-content\/uploads\/2026\/03\/Teamgym-18.jpg 400w, https:\/\/assmgym.saintmedardasso.fr\/wp-content\/uploads\/2026\/03\/Teamgym-18-200x300.jpg 200w\" sizes=\"(max-width: 400px) 100vw, 400px\" \/><\/a><\/figure>\n\n\n\n<figure class=\"wp-block-image size-large\"><a href=\"https:\/\/assmgym.saintmedardasso.fr\/wp-content\/uploads\/2026\/03\/Teamgym-19.jpg\"><img loading=\"lazy\" width=\"400\" height=\"600\" data-id=\"4502\"  src=\"https:\/\/assmgym.saintmedardasso.fr\/wp-content\/uploads\/2026\/03\/Teamgym-19.jpg\" alt=\"\" class=\"wp-image-4502\" srcset=\"https:\/\/assmgym.saintmedardasso.fr\/wp-content\/uploads\/2026\/03\/Teamgym-19.jpg 400w, https:\/\/assmgym.saintmedardasso.fr\/wp-content\/uploads\/2026\/03\/Teamgym-19-200x300.jpg 200w\" sizes=\"(max-width: 400px) 100vw, 400px\" \/><\/a><\/figure>\n\n\n\n<figure class=\"wp-block-image size-large\"><a href=\"https:\/\/assmgym.saintmedardasso.fr\/wp-content\/uploads\/2026\/03\/Teamgym-20.jpg\"><img loading=\"lazy\" width=\"400\" height=\"600\" data-id=\"4503\"  src=\"https:\/\/assmgym.saintmedardasso.fr\/wp-content\/uploads\/2026\/03\/Teamgym-20.jpg\" alt=\"\" class=\"wp-image-4503\" srcset=\"https:\/\/assmgym.saintmedardasso.fr\/wp-content\/uploads\/2026\/03\/Teamgym-20.jpg 400w, https:\/\/assmgym.saintmedardasso.fr\/wp-content\/uploads\/2026\/03\/Teamgym-20-200x300.jpg 200w\" sizes=\"(max-width: 400px) 100vw, 400px\" \/><\/a><\/figure>\n\n\n\n<figure class=\"wp-block-image size-large\"><a href=\"https:\/\/assmgym.saintmedardasso.fr\/wp-content\/uploads\/2026\/03\/Teamgym-21.jpg\"><img loading=\"lazy\" width=\"400\" height=\"600\" data-id=\"4504\"  src=\"https:\/\/assmgym.saintmedardasso.fr\/wp-content\/uploads\/2026\/03\/Teamgym-21.jpg\" alt=\"\" class=\"wp-image-4504\" srcset=\"https:\/\/assmgym.saintmedardasso.fr\/wp-content\/uploads\/2026\/03\/Teamgym-21.jpg 400w, https:\/\/assmgym.saintmedardasso.fr\/wp-content\/uploads\/2026\/03\/Teamgym-21-200x300.jpg 200w\" sizes=\"(max-width: 400px) 100vw, 400px\" \/><\/a><\/figure>\n\n\n\n<figure class=\"wp-block-image size-large\"><a href=\"https:\/\/assmgym.saintmedardasso.fr\/wp-content\/uploads\/2026\/03\/Teamgym-22.jpg\"><img loading=\"lazy\" width=\"400\" height=\"600\" data-id=\"4505\"  src=\"https:\/\/assmgym.saintmedardasso.fr\/wp-content\/uploads\/2026\/03\/Teamgym-22.jpg\" alt=\"\" class=\"wp-image-4505\" srcset=\"https:\/\/assmgym.saintmedardasso.fr\/wp-content\/uploads\/2026\/03\/Teamgym-22.jpg 400w, https:\/\/assmgym.saintmedardasso.fr\/wp-content\/uploads\/2026\/03\/Teamgym-22-200x300.jpg 200w\" sizes=\"(max-width: 400px) 100vw, 400px\" \/><\/a><\/figure>\n\n\n\n<figure class=\"wp-block-image size-large\"><a href=\"https:\/\/assmgym.saintmedardasso.fr\/wp-content\/uploads\/2026\/03\/Teamgym-23.jpg\"><img loading=\"lazy\" width=\"400\" height=\"600\" data-id=\"4506\"  src=\"https:\/\/assmgym.saintmedardasso.fr\/wp-content\/uploads\/2026\/03\/Teamgym-23.jpg\" alt=\"\" class=\"wp-image-4506\" srcset=\"https:\/\/assmgym.saintmedardasso.fr\/wp-content\/uploads\/2026\/03\/Teamgym-23.jpg 400w, https:\/\/assmgym.saintmedardasso.fr\/wp-content\/uploads\/2026\/03\/Teamgym-23-200x300.jpg 200w\" sizes=\"(max-width: 400px) 100vw, 400px\" \/><\/a><\/figure>\n\n\n\n<figure class=\"wp-block-image size-large\"><a href=\"https:\/\/assmgym.saintmedardasso.fr\/wp-content\/uploads\/2026\/03\/Teamgym-24.jpg\"><img loading=\"lazy\" width=\"400\" height=\"600\" data-id=\"4507\"  src=\"https:\/\/assmgym.saintmedardasso.fr\/wp-content\/uploads\/2026\/03\/Teamgym-24.jpg\" alt=\"\" class=\"wp-image-4507\" srcset=\"https:\/\/assmgym.saintmedardasso.fr\/wp-content\/uploads\/2026\/03\/Teamgym-24.jpg 400w, https:\/\/assmgym.saintmedardasso.fr\/wp-content\/uploads\/2026\/03\/Teamgym-24-200x300.jpg 200w\" sizes=\"(max-width: 400px) 100vw, 400px\" \/><\/a><\/figure>\n\n\n\n<figure class=\"wp-block-image size-large\"><a href=\"https:\/\/assmgym.saintmedardasso.fr\/wp-content\/uploads\/2026\/03\/Teamgym-25.jpg\"><img loading=\"lazy\" width=\"400\" height=\"600\" data-id=\"4508\"  src=\"https:\/\/assmgym.saintmedardasso.fr\/wp-content\/uploads\/2026\/03\/Teamgym-25.jpg\" alt=\"\" class=\"wp-image-4508\" srcset=\"https:\/\/assmgym.saintmedardasso.fr\/wp-content\/uploads\/2026\/03\/Teamgym-25.jpg 400w, https:\/\/assmgym.saintmedardasso.fr\/wp-content\/uploads\/2026\/03\/Teamgym-25-200x300.jpg 200w\" sizes=\"(max-width: 400px) 100vw, 400px\" \/><\/a><\/figure>\n\n\n\n<figure class=\"wp-block-image size-large\"><a href=\"https:\/\/assmgym.saintmedardasso.fr\/wp-content\/uploads\/2026\/03\/Teamgym-26.jpg\"><img loading=\"lazy\" width=\"400\" height=\"600\" data-id=\"4509\"  src=\"https:\/\/assmgym.saintmedardasso.fr\/wp-content\/uploads\/2026\/03\/Teamgym-26.jpg\" alt=\"\" class=\"wp-image-4509\" srcset=\"https:\/\/assmgym.saintmedardasso.fr\/wp-content\/uploads\/2026\/03\/Teamgym-26.jpg 400w, https:\/\/assmgym.saintmedardasso.fr\/wp-content\/uploads\/2026\/03\/Teamgym-26-200x300.jpg 200w\" sizes=\"(max-width: 400px) 100vw, 400px\" \/><\/a><\/figure>\n\n\n\n<figure class=\"wp-block-image size-large\"><a href=\"https:\/\/assmgym.saintmedardasso.fr\/wp-content\/uploads\/2026\/03\/Teamgym-27.jpg\"><img loading=\"lazy\" width=\"400\" height=\"600\" data-id=\"4510\"  src=\"https:\/\/assmgym.saintmedardasso.fr\/wp-content\/uploads\/2026\/03\/Teamgym-27.jpg\" alt=\"\" class=\"wp-image-4510\" srcset=\"https:\/\/assmgym.saintmedardasso.fr\/wp-content\/uploads\/2026\/03\/Teamgym-27.jpg 400w, https:\/\/assmgym.saintmedardasso.fr\/wp-content\/uploads\/2026\/03\/Teamgym-27-200x300.jpg 200w\" sizes=\"(max-width: 400px) 100vw, 400px\" \/><\/a><\/figure>\n\n\n\n<figure class=\"wp-block-image size-large\"><a href=\"https:\/\/assmgym.saintmedardasso.fr\/wp-content\/uploads\/2026\/03\/Teamgym-28.jpg\"><img loading=\"lazy\" width=\"400\" height=\"600\" data-id=\"4511\"  src=\"https:\/\/assmgym.saintmedardasso.fr\/wp-content\/uploads\/2026\/03\/Teamgym-28.jpg\" alt=\"\" class=\"wp-image-4511\" srcset=\"https:\/\/assmgym.saintmedardasso.fr\/wp-content\/uploads\/2026\/03\/Teamgym-28.jpg 400w, https:\/\/assmgym.saintmedardasso.fr\/wp-content\/uploads\/2026\/03\/Teamgym-28-200x300.jpg 200w\" sizes=\"(max-width: 400px) 100vw, 400px\" \/><\/a><\/figure>\n\n\n\n<figure class=\"wp-block-image size-large\"><a href=\"https:\/\/assmgym.saintmedardasso.fr\/wp-content\/uploads\/2026\/03\/Teamgym-29.jpg\"><img loading=\"lazy\" width=\"400\" height=\"600\" data-id=\"4512\"  src=\"https:\/\/assmgym.saintmedardasso.fr\/wp-content\/uploads\/2026\/03\/Teamgym-29.jpg\" alt=\"\" class=\"wp-image-4512\" srcset=\"https:\/\/assmgym.saintmedardasso.fr\/wp-content\/uploads\/2026\/03\/Teamgym-29.jpg 400w, https:\/\/assmgym.saintmedardasso.fr\/wp-content\/uploads\/2026\/03\/Teamgym-29-200x300.jpg 200w\" sizes=\"(max-width: 400px) 100vw, 400px\" \/><\/a><\/figure>\n\n\n\n<figure class=\"wp-block-image size-large\"><a href=\"https:\/\/assmgym.saintmedardasso.fr\/wp-content\/uploads\/2026\/03\/Teamgym-30.jpg\"><img loading=\"lazy\" width=\"400\" height=\"600\" data-id=\"4513\"  src=\"https:\/\/assmgym.saintmedardasso.fr\/wp-content\/uploads\/2026\/03\/Teamgym-30.jpg\" alt=\"\" class=\"wp-image-4513\" srcset=\"https:\/\/assmgym.saintmedardasso.fr\/wp-content\/uploads\/2026\/03\/Teamgym-30.jpg 400w, https:\/\/assmgym.saintmedardasso.fr\/wp-content\/uploads\/2026\/03\/Teamgym-30-200x300.jpg 200w\" sizes=\"(max-width: 400px) 100vw, 400px\" \/><\/a><\/figure>\n\n\n\n<figure class=\"wp-block-image size-large\"><a href=\"https:\/\/assmgym.saintmedardasso.fr\/wp-content\/uploads\/2026\/03\/Teamgym-31.jpg\"><img loading=\"lazy\" width=\"400\" height=\"600\" data-id=\"4514\"  src=\"https:\/\/assmgym.saintmedardasso.fr\/wp-content\/uploads\/2026\/03\/Teamgym-31.jpg\" alt=\"\" class=\"wp-image-4514\" srcset=\"https:\/\/assmgym.saintmedardasso.fr\/wp-content\/uploads\/2026\/03\/Teamgym-31.jpg 400w, https:\/\/assmgym.saintmedardasso.fr\/wp-content\/uploads\/2026\/03\/Teamgym-31-200x300.jpg 200w\" sizes=\"(max-width: 400px) 100vw, 400px\" \/><\/a><\/figure>\n\n\n\n<figure class=\"wp-block-image size-large\"><a href=\"https:\/\/assmgym.saintmedardasso.fr\/wp-content\/uploads\/2026\/03\/Teamgym-32.jpg\"><img loading=\"lazy\" width=\"800\" height=\"533\" data-id=\"4515\"  src=\"https:\/\/assmgym.saintmedardasso.fr\/wp-content\/uploads\/2026\/03\/Teamgym-32.jpg\" alt=\"\" class=\"wp-image-4515\" srcset=\"https:\/\/assmgym.saintmedardasso.fr\/wp-content\/uploads\/2026\/03\/Teamgym-32.jpg 800w, https:\/\/assmgym.saintmedardasso.fr\/wp-content\/uploads\/2026\/03\/Teamgym-32-300x200.jpg 300w, https:\/\/assmgym.saintmedardasso.fr\/wp-content\/uploads\/2026\/03\/Teamgym-32-768x512.jpg 768w\" sizes=\"(max-width: 800px) 100vw, 800px\" \/><\/a><\/figure>\n\n\n\n<figure class=\"wp-block-image size-large\"><a href=\"https:\/\/assmgym.saintmedardasso.fr\/wp-content\/uploads\/2026\/03\/Teamgym-33.jpg\"><img loading=\"lazy\" width=\"800\" height=\"533\" data-id=\"4517\"  src=\"https:\/\/assmgym.saintmedardasso.fr\/wp-content\/uploads\/2026\/03\/Teamgym-33.jpg\" alt=\"\" class=\"wp-image-4517\" srcset=\"https:\/\/assmgym.saintmedardasso.fr\/wp-content\/uploads\/2026\/03\/Teamgym-33.jpg 800w, https:\/\/assmgym.saintmedardasso.fr\/wp-content\/uploads\/2026\/03\/Teamgym-33-300x200.jpg 300w, https:\/\/assmgym.saintmedardasso.fr\/wp-content\/uploads\/2026\/03\/Teamgym-33-768x512.jpg 768w\" sizes=\"(max-width: 800px) 100vw, 800px\" \/><\/a><\/figure>\n\n\n\n<figure class=\"wp-block-image size-large\"><a href=\"https:\/\/assmgym.saintmedardasso.fr\/wp-content\/uploads\/2026\/03\/Teamgym-34.jpg\"><img loading=\"lazy\" width=\"750\" height=\"408\" data-id=\"4516\"  src=\"https:\/\/assmgym.saintmedardasso.fr\/wp-content\/uploads\/2026\/03\/Teamgym-34.jpg\" alt=\"\" class=\"wp-image-4516\" srcset=\"https:\/\/assmgym.saintmedardasso.fr\/wp-content\/uploads\/2026\/03\/Teamgym-34.jpg 750w, https:\/\/assmgym.saintmedardasso.fr\/wp-content\/uploads\/2026\/03\/Teamgym-34-300x163.jpg 300w\" sizes=\"(max-width: 750px) 100vw, 750px\" \/><\/a><\/figure>\n<\/figure>\n","protected":false},"excerpt":{"rendered":"<p>Notre \u00e9quipe de TeamGym engag\u00e9e en D\u00e9tente Mixte termine 1\u00e8re et devient ainsi Championne de Gironde ce 12 janvier 2014 ! Bravo \u00e0 tous [&#8230;]<\/p>\n","protected":false},"author":2,"featured_media":0,"parent":0,"menu_order":0,"comment_status":"closed","ping_status":"closed","template":"","meta":{"ngg_post_thumbnail":0},"_links":{"self":[{"href":"https:\/\/assmgym.saintmedardasso.fr\/index.php?rest_route=\/wp\/v2\/pages\/4483"}],"collection":[{"href":"https:\/\/assmgym.saintmedardasso.fr\/index.php?rest_route=\/wp\/v2\/pages"}],"about":[{"href":"https:\/\/assmgym.saintmedardasso.fr\/index.php?rest_route=\/wp\/v2\/types\/page"}],"author":[{"embeddable":true,"href":"https:\/\/assmgym.saintmedardasso.fr\/index.php?rest_route=\/wp\/v2\/users\/2"}],"replies":[{"embeddable":true,"href":"https:\/\/assmgym.saintmedardasso.fr\/index.php?rest_route=%2Fwp%2Fv2%2Fcomments&post=4483"}],"version-history":[{"count":1,"href":"https:\/\/assmgym.saintmedardasso.fr\/index.php?rest_route=\/wp\/v2\/pages\/4483\/revisions"}],"predecessor-version":[{"id":4519,"href":"https:\/\/assmgym.saintmedardasso.fr\/index.php?rest_route=\/wp\/v2\/pages\/4483\/revisions\/4519"}],"wp:attachment":[{"href":"https:\/\/assmgym.saintmedardasso.fr\/index.php?rest_route=%2Fwp%2Fv2%2Fmedia&parent=4483"}],"curies":[{"name":"wp","href":"https:\/\/api.w.org\/{rel}","templated":true}]}}