{"id":3447,"date":"2025-10-21T17:53:06","date_gmt":"2025-10-21T15:53:06","guid":{"rendered":"https:\/\/assmgym.saintmedardasso.fr\/?page_id=3447"},"modified":"2025-10-21T17:53:06","modified_gmt":"2025-10-21T15:53:06","slug":"championnat-regional-gam-gaf","status":"publish","type":"page","link":"https:\/\/assmgym.saintmedardasso.fr\/?page_id=3447","title":{"rendered":"CHAMPIONNAT R\u00c9GIONAL GAM &#038; GAF"},"content":{"rendered":"\n<p>F\u00e9licitations \u00e0 nos gymnastes ayant particip\u00e9 au Championnat R\u00e9gional<\/p>\n\n\n\n<p><strong>GAM<\/strong><br \/><strong>NATIONAL B 12 ans et + : <\/strong>3\u1d49\/8 et 4\u1d49\/8<br \/>Les deux \u00e9quipes sont qualifi\u00e9es pour les <strong>championnats de France<\/strong> qui se d\u00e9rouleront \u00e0 Rennes.<\/p>\n\n\n\n<p><strong>GAF<\/strong><br \/><strong>PERF R\u00c9GIONAL 10 ans et + :<\/strong> 7\u1d49\/23<\/p>\n\n\n\n<p>Bravo \u00e0 tous et merci \u00e0 nos juges Arthur et B\u00e9lina, coachs et supporters !<\/p>\n\n\n\n<div class=\"wp-block-image\"><figure class=\"aligncenter size-full\"><a href=\"https:\/\/assmgym.saintmedardasso.fr\/wp-content\/uploads\/2025\/10\/Capture-decran-2025-10-21-175229.png\"><img loading=\"lazy\" width=\"489\" height=\"808\" src=\"https:\/\/assmgym.saintmedardasso.fr\/wp-content\/uploads\/2025\/10\/Capture-decran-2025-10-21-175229.png\" alt=\"\" class=\"wp-image-3448\" srcset=\"https:\/\/assmgym.saintmedardasso.fr\/wp-content\/uploads\/2025\/10\/Capture-decran-2025-10-21-175229.png 489w, https:\/\/assmgym.saintmedardasso.fr\/wp-content\/uploads\/2025\/10\/Capture-decran-2025-10-21-175229-182x300.png 182w\" sizes=\"(max-width: 489px) 100vw, 489px\" \/><\/a><figcaption>26 et 27 avril 2025 \u00e0 Aix-sur-Vienne<\/figcaption><\/figure><\/div>\n","protected":false},"excerpt":{"rendered":"<p>F\u00e9licitations \u00e0 nos gymnastes ayant particip\u00e9 au Championnat R\u00e9gional GAMNATIONAL B 12 ans et + : 3\u1d49\/8 et 4\u1d49\/8Les deux \u00e9quipes sont qualifi\u00e9es pour [&#8230;]<\/p>\n","protected":false},"author":2,"featured_media":0,"parent":0,"menu_order":0,"comment_status":"closed","ping_status":"closed","template":"","meta":{"ngg_post_thumbnail":0},"_links":{"self":[{"href":"https:\/\/assmgym.saintmedardasso.fr\/index.php?rest_route=\/wp\/v2\/pages\/3447"}],"collection":[{"href":"https:\/\/assmgym.saintmedardasso.fr\/index.php?rest_route=\/wp\/v2\/pages"}],"about":[{"href":"https:\/\/assmgym.saintmedardasso.fr\/index.php?rest_route=\/wp\/v2\/types\/page"}],"author":[{"embeddable":true,"href":"https:\/\/assmgym.saintmedardasso.fr\/index.php?rest_route=\/wp\/v2\/users\/2"}],"replies":[{"embeddable":true,"href":"https:\/\/assmgym.saintmedardasso.fr\/index.php?rest_route=%2Fwp%2Fv2%2Fcomments&post=3447"}],"version-history":[{"count":1,"href":"https:\/\/assmgym.saintmedardasso.fr\/index.php?rest_route=\/wp\/v2\/pages\/3447\/revisions"}],"predecessor-version":[{"id":3450,"href":"https:\/\/assmgym.saintmedardasso.fr\/index.php?rest_route=\/wp\/v2\/pages\/3447\/revisions\/3450"}],"wp:attachment":[{"href":"https:\/\/assmgym.saintmedardasso.fr\/index.php?rest_route=%2Fwp%2Fv2%2Fmedia&parent=3447"}],"curies":[{"name":"wp","href":"https:\/\/api.w.org\/{rel}","templated":true}]}}