{"id":3416,"date":"2025-10-21T17:31:24","date_gmt":"2025-10-21T15:31:24","guid":{"rendered":"https:\/\/assmgym.saintmedardasso.fr\/?page_id=3416"},"modified":"2025-10-21T17:31:24","modified_gmt":"2025-10-21T15:31:24","slug":"championnat-departemental-indiv-gaf","status":"publish","type":"page","link":"https:\/\/assmgym.saintmedardasso.fr\/?page_id=3416","title":{"rendered":"CHAMPIONNAT D\u00c9PARTEMENTAL INDIV GAF"},"content":{"rendered":"\n<p>F\u00e9licitations \u00e0 nos gymnastes ayant particip\u00e9 au Championnat D\u00e9partemental Individuel<\/p>\n\n\n\n<p><strong>F\u00c9D\u00c9RAL A 14-15 ans<\/strong><br \/>Romane AC : 2\u1d49\/37<br \/>L\u00e9ane : 6\u1d49\/37<br \/>Aliz\u00e9e : 10\u1d49\/37<br \/>Romane AR : 15\u1d49\/37<\/p>\n\n\n\n<p><strong>F\u00c9D\u00c9RAL A 16-17 ans<\/strong><br \/>Lily : 20\u1d49\/29<\/p>\n\n\n\n<p><strong>F\u00c9D\u00c9RAL A 10-11 ans<\/strong><br \/>Livia : 8\u1d49\/44<\/p>\n\n\n\n<p>Bravo \u00e0 toutes et merci \u00e0 nos juges, coachs et supporters !<\/p>\n\n\n\n<div class=\"wp-block-image\"><figure class=\"aligncenter size-full\"><a href=\"https:\/\/assmgym.saintmedardasso.fr\/wp-content\/uploads\/2025\/10\/Capture-decran-2025-10-21-173059.png\"><img loading=\"lazy\" width=\"485\" height=\"863\" src=\"https:\/\/assmgym.saintmedardasso.fr\/wp-content\/uploads\/2025\/10\/Capture-decran-2025-10-21-173059.png\" alt=\"\" class=\"wp-image-3417\" srcset=\"https:\/\/assmgym.saintmedardasso.fr\/wp-content\/uploads\/2025\/10\/Capture-decran-2025-10-21-173059.png 485w, https:\/\/assmgym.saintmedardasso.fr\/wp-content\/uploads\/2025\/10\/Capture-decran-2025-10-21-173059-169x300.png 169w\" sizes=\"(max-width: 485px) 100vw, 485px\" \/><\/a><figcaption>26 janvier 2025 \u00e0 La Teste de Buch<\/figcaption><\/figure><\/div>\n","protected":false},"excerpt":{"rendered":"<p>F\u00e9licitations \u00e0 nos gymnastes ayant particip\u00e9 au Championnat D\u00e9partemental Individuel F\u00c9D\u00c9RAL A 14-15 ansRomane AC : 2\u1d49\/37L\u00e9ane : 6\u1d49\/37Aliz\u00e9e : 10\u1d49\/37Romane AR : 15\u1d49\/37 [&#8230;]<\/p>\n","protected":false},"author":2,"featured_media":0,"parent":0,"menu_order":0,"comment_status":"closed","ping_status":"closed","template":"","meta":{"ngg_post_thumbnail":0},"_links":{"self":[{"href":"https:\/\/assmgym.saintmedardasso.fr\/index.php?rest_route=\/wp\/v2\/pages\/3416"}],"collection":[{"href":"https:\/\/assmgym.saintmedardasso.fr\/index.php?rest_route=\/wp\/v2\/pages"}],"about":[{"href":"https:\/\/assmgym.saintmedardasso.fr\/index.php?rest_route=\/wp\/v2\/types\/page"}],"author":[{"embeddable":true,"href":"https:\/\/assmgym.saintmedardasso.fr\/index.php?rest_route=\/wp\/v2\/users\/2"}],"replies":[{"embeddable":true,"href":"https:\/\/assmgym.saintmedardasso.fr\/index.php?rest_route=%2Fwp%2Fv2%2Fcomments&post=3416"}],"version-history":[{"count":1,"href":"https:\/\/assmgym.saintmedardasso.fr\/index.php?rest_route=\/wp\/v2\/pages\/3416\/revisions"}],"predecessor-version":[{"id":3419,"href":"https:\/\/assmgym.saintmedardasso.fr\/index.php?rest_route=\/wp\/v2\/pages\/3416\/revisions\/3419"}],"wp:attachment":[{"href":"https:\/\/assmgym.saintmedardasso.fr\/index.php?rest_route=%2Fwp%2Fv2%2Fmedia&parent=3416"}],"curies":[{"name":"wp","href":"https:\/\/api.w.org\/{rel}","templated":true}]}}