{"id":3394,"date":"2025-10-21T16:29:48","date_gmt":"2025-10-21T14:29:48","guid":{"rendered":"https:\/\/assmgym.saintmedardasso.fr\/?page_id=3394"},"modified":"2025-10-21T16:29:48","modified_gmt":"2025-10-21T14:29:48","slug":"championnat-departemental-gam-gaf-2","status":"publish","type":"page","link":"https:\/\/assmgym.saintmedardasso.fr\/?page_id=3394","title":{"rendered":"CHAMPIONNAT D\u00c9PARTEMENTAL GAM &#038; GAF"},"content":{"rendered":"\n<p>F\u00e9licitations \u00e0 nos \u00e9quipes GAM &amp; GAF ayant particip\u00e9 au Championnat D\u00e9partemental<\/p>\n\n\n\n<p><strong>GAM<\/strong><br \/><strong>NAT B 12 ans et +<\/strong> : 1er\/5 pour les deux \u00e9quipes<br \/><strong>FED A 12 ans et + <\/strong>: 1er\/2<br \/><strong>FED A 10\/15 ans <\/strong>: 1er\/5<br \/><strong>FED B 10\/12 ans <\/strong>: 1er\/1<\/p>\n\n\n\n<p><strong>GAF<\/strong><br \/><strong>PERF R\u00c9GIONAL 10 ans et +<\/strong> : 2e\/13<br \/><strong>FED A 14 ans et + <\/strong>: 8e\/12<br \/><strong>FED A 10 ans et + <\/strong>: 14e\/16<\/p>\n\n\n\n<p>Bravo \u00e0 tous et merci \u00e0 nos juges, coachs et supporters !<\/p>\n\n\n\n<div class=\"wp-block-image\"><figure class=\"aligncenter size-full\"><a href=\"https:\/\/assmgym.saintmedardasso.fr\/wp-content\/uploads\/2025\/10\/Capture-decran-2025-10-21-162915.png\"><img loading=\"lazy\" width=\"1023\" height=\"862\" src=\"https:\/\/assmgym.saintmedardasso.fr\/wp-content\/uploads\/2025\/10\/Capture-decran-2025-10-21-162915.png\" alt=\"\" class=\"wp-image-3395\" srcset=\"https:\/\/assmgym.saintmedardasso.fr\/wp-content\/uploads\/2025\/10\/Capture-decran-2025-10-21-162915.png 1023w, https:\/\/assmgym.saintmedardasso.fr\/wp-content\/uploads\/2025\/10\/Capture-decran-2025-10-21-162915-300x253.png 300w, https:\/\/assmgym.saintmedardasso.fr\/wp-content\/uploads\/2025\/10\/Capture-decran-2025-10-21-162915-768x647.png 768w\" sizes=\"(max-width: 1023px) 100vw, 1023px\" \/><\/a><figcaption>14 d\u00e9cembre 2024 \u00e0 Mios<\/figcaption><\/figure><\/div>\n","protected":false},"excerpt":{"rendered":"<p>F\u00e9licitations \u00e0 nos \u00e9quipes GAM &amp; GAF ayant particip\u00e9 au Championnat D\u00e9partemental GAMNAT B 12 ans et + : 1er\/5 pour les deux \u00e9quipesFED [&#8230;]<\/p>\n","protected":false},"author":2,"featured_media":0,"parent":0,"menu_order":0,"comment_status":"closed","ping_status":"closed","template":"","meta":{"ngg_post_thumbnail":0},"_links":{"self":[{"href":"https:\/\/assmgym.saintmedardasso.fr\/index.php?rest_route=\/wp\/v2\/pages\/3394"}],"collection":[{"href":"https:\/\/assmgym.saintmedardasso.fr\/index.php?rest_route=\/wp\/v2\/pages"}],"about":[{"href":"https:\/\/assmgym.saintmedardasso.fr\/index.php?rest_route=\/wp\/v2\/types\/page"}],"author":[{"embeddable":true,"href":"https:\/\/assmgym.saintmedardasso.fr\/index.php?rest_route=\/wp\/v2\/users\/2"}],"replies":[{"embeddable":true,"href":"https:\/\/assmgym.saintmedardasso.fr\/index.php?rest_route=%2Fwp%2Fv2%2Fcomments&post=3394"}],"version-history":[{"count":1,"href":"https:\/\/assmgym.saintmedardasso.fr\/index.php?rest_route=\/wp\/v2\/pages\/3394\/revisions"}],"predecessor-version":[{"id":3397,"href":"https:\/\/assmgym.saintmedardasso.fr\/index.php?rest_route=\/wp\/v2\/pages\/3394\/revisions\/3397"}],"wp:attachment":[{"href":"https:\/\/assmgym.saintmedardasso.fr\/index.php?rest_route=%2Fwp%2Fv2%2Fmedia&parent=3394"}],"curies":[{"name":"wp","href":"https:\/\/api.w.org\/{rel}","templated":true}]}}