{"id":3333,"date":"2025-10-21T14:28:17","date_gmt":"2025-10-21T12:28:17","guid":{"rendered":"https:\/\/assmgym.saintmedardasso.fr\/?page_id=3333"},"modified":"2025-10-21T14:28:17","modified_gmt":"2025-10-21T12:28:17","slug":"finale-departementale-gaf","status":"publish","type":"page","link":"https:\/\/assmgym.saintmedardasso.fr\/?page_id=3333","title":{"rendered":"FINALE D\u00c9PARTEMENTALE GAF"},"content":{"rendered":"\n<p>F\u00e9licitations \u00e0 nos \u00e9quipes GAF FED B 10\/11 ans et FED R\u00c9GIONALE 10\/11 ans ayant particip\u00e9 \u00e0 la finale d\u00e9partementale \u00e0 domicile !<\/p>\n\n\n\n<p><strong>FED B 10\/11 ans <\/strong>: 9\u1d49\/16<br \/><strong>FED R\u00c9GIONALE 10\/11 ans <\/strong>: 2\u1d49\/8<\/p>\n\n\n\n<p>Bravo \u00e0 toutes et merci \u00e0 nos juges, coachs, supporters ainsi qu&rsquo;aux b\u00e9n\u00e9voles pour l&rsquo;organisation de la comp\u00e9tition !<\/p>\n\n\n\n<div class=\"wp-block-image\"><figure class=\"aligncenter size-large\"><a href=\"https:\/\/assmgym.saintmedardasso.fr\/wp-content\/uploads\/2025\/10\/Capture-decran-2025-10-21-142716.png\"><img loading=\"lazy\" width=\"1024\" height=\"775\" src=\"https:\/\/assmgym.saintmedardasso.fr\/wp-content\/uploads\/2025\/10\/Capture-decran-2025-10-21-142716-1024x775.png\" alt=\"\" class=\"wp-image-3334\" srcset=\"https:\/\/assmgym.saintmedardasso.fr\/wp-content\/uploads\/2025\/10\/Capture-decran-2025-10-21-142716-1024x775.png 1024w, https:\/\/assmgym.saintmedardasso.fr\/wp-content\/uploads\/2025\/10\/Capture-decran-2025-10-21-142716-300x227.png 300w, https:\/\/assmgym.saintmedardasso.fr\/wp-content\/uploads\/2025\/10\/Capture-decran-2025-10-21-142716-768x581.png 768w, https:\/\/assmgym.saintmedardasso.fr\/wp-content\/uploads\/2025\/10\/Capture-decran-2025-10-21-142716.png 1142w\" sizes=\"(max-width: 1024px) 100vw, 1024px\" \/><\/a><figcaption>28 avril 2024 \u00e0 Saint-M\u00e9dard-en-Jalles<\/figcaption><\/figure><\/div>\n","protected":false},"excerpt":{"rendered":"<p>F\u00e9licitations \u00e0 nos \u00e9quipes GAF FED B 10\/11 ans et FED R\u00c9GIONALE 10\/11 ans ayant particip\u00e9 \u00e0 la finale d\u00e9partementale \u00e0 domicile ! FED [&#8230;]<\/p>\n","protected":false},"author":2,"featured_media":0,"parent":0,"menu_order":0,"comment_status":"closed","ping_status":"closed","template":"","meta":{"ngg_post_thumbnail":0},"_links":{"self":[{"href":"https:\/\/assmgym.saintmedardasso.fr\/index.php?rest_route=\/wp\/v2\/pages\/3333"}],"collection":[{"href":"https:\/\/assmgym.saintmedardasso.fr\/index.php?rest_route=\/wp\/v2\/pages"}],"about":[{"href":"https:\/\/assmgym.saintmedardasso.fr\/index.php?rest_route=\/wp\/v2\/types\/page"}],"author":[{"embeddable":true,"href":"https:\/\/assmgym.saintmedardasso.fr\/index.php?rest_route=\/wp\/v2\/users\/2"}],"replies":[{"embeddable":true,"href":"https:\/\/assmgym.saintmedardasso.fr\/index.php?rest_route=%2Fwp%2Fv2%2Fcomments&post=3333"}],"version-history":[{"count":1,"href":"https:\/\/assmgym.saintmedardasso.fr\/index.php?rest_route=\/wp\/v2\/pages\/3333\/revisions"}],"predecessor-version":[{"id":3336,"href":"https:\/\/assmgym.saintmedardasso.fr\/index.php?rest_route=\/wp\/v2\/pages\/3333\/revisions\/3336"}],"wp:attachment":[{"href":"https:\/\/assmgym.saintmedardasso.fr\/index.php?rest_route=%2Fwp%2Fv2%2Fmedia&parent=3333"}],"curies":[{"name":"wp","href":"https:\/\/api.w.org\/{rel}","templated":true}]}}