{"id":3221,"date":"2025-10-20T17:22:14","date_gmt":"2025-10-20T15:22:14","guid":{"rendered":"https:\/\/assmgym.saintmedardasso.fr\/?page_id=3221"},"modified":"2025-10-20T17:22:14","modified_gmt":"2025-10-20T15:22:14","slug":"fete-du-sport-2025","status":"publish","type":"page","link":"https:\/\/assmgym.saintmedardasso.fr\/?page_id=3221","title":{"rendered":"F\u00caTE DU SPORT 2025"},"content":{"rendered":"\n<p>L\u2019ASSM Gym a particip\u00e9 comme chaque ann\u00e9e, \u00e0 la <strong>F\u00eate du Sport<\/strong>.<\/p>\n\n\n\n<p>Durant cet apr\u00e8s-midi, petits et grands ont pu d\u00e9couvrir les nombreuses disciplines sportives propos\u00e9es par les associations de la ville.<\/p>\n\n\n\n<p>En ce qui nous concerne, nous avons propos\u00e9 un <strong>parcours pour les 2-8 ans<\/strong> gr\u00e2ce aux b\u00e9n\u00e9voles et entra\u00eeneurs pr\u00e9sents. Il \u00e9tait \u00e9galement possible d\u2019obtenir des <strong>renseignements sur les inscriptions pour la saison prochaine<\/strong>.<\/p>\n\n\n\n<div class=\"wp-block-image\"><figure class=\"aligncenter size-full\"><a href=\"https:\/\/assmgym.saintmedardasso.fr\/wp-content\/uploads\/2025\/10\/fete-du-sport-2025.png\"><img loading=\"lazy\" width=\"486\" height=\"864\" src=\"https:\/\/assmgym.saintmedardasso.fr\/wp-content\/uploads\/2025\/10\/fete-du-sport-2025.png\" alt=\"\" class=\"wp-image-3222\" srcset=\"https:\/\/assmgym.saintmedardasso.fr\/wp-content\/uploads\/2025\/10\/fete-du-sport-2025.png 486w, https:\/\/assmgym.saintmedardasso.fr\/wp-content\/uploads\/2025\/10\/fete-du-sport-2025-169x300.png 169w\" sizes=\"(max-width: 486px) 100vw, 486px\" \/><\/a><figcaption>14 juin 2024 \u00e0 Saint-M\u00e9dard-en-Jalles<\/figcaption><\/figure><\/div>\n","protected":false},"excerpt":{"rendered":"<p>L\u2019ASSM Gym a particip\u00e9 comme chaque ann\u00e9e, \u00e0 la F\u00eate du Sport. Durant cet apr\u00e8s-midi, petits et grands ont pu d\u00e9couvrir les nombreuses disciplines [&#8230;]<\/p>\n","protected":false},"author":2,"featured_media":0,"parent":0,"menu_order":0,"comment_status":"closed","ping_status":"closed","template":"","meta":{"ngg_post_thumbnail":0},"_links":{"self":[{"href":"https:\/\/assmgym.saintmedardasso.fr\/index.php?rest_route=\/wp\/v2\/pages\/3221"}],"collection":[{"href":"https:\/\/assmgym.saintmedardasso.fr\/index.php?rest_route=\/wp\/v2\/pages"}],"about":[{"href":"https:\/\/assmgym.saintmedardasso.fr\/index.php?rest_route=\/wp\/v2\/types\/page"}],"author":[{"embeddable":true,"href":"https:\/\/assmgym.saintmedardasso.fr\/index.php?rest_route=\/wp\/v2\/users\/2"}],"replies":[{"embeddable":true,"href":"https:\/\/assmgym.saintmedardasso.fr\/index.php?rest_route=%2Fwp%2Fv2%2Fcomments&post=3221"}],"version-history":[{"count":1,"href":"https:\/\/assmgym.saintmedardasso.fr\/index.php?rest_route=\/wp\/v2\/pages\/3221\/revisions"}],"predecessor-version":[{"id":3224,"href":"https:\/\/assmgym.saintmedardasso.fr\/index.php?rest_route=\/wp\/v2\/pages\/3221\/revisions\/3224"}],"wp:attachment":[{"href":"https:\/\/assmgym.saintmedardasso.fr\/index.php?rest_route=%2Fwp%2Fv2%2Fmedia&parent=3221"}],"curies":[{"name":"wp","href":"https:\/\/api.w.org\/{rel}","templated":true}]}}