{"id":3184,"date":"2025-10-20T16:50:43","date_gmt":"2025-10-20T14:50:43","guid":{"rendered":"https:\/\/assmgym.saintmedardasso.fr\/?page_id=3184"},"modified":"2025-10-20T16:50:43","modified_gmt":"2025-10-20T14:50:43","slug":"remerciements-aux-benevoles","status":"publish","type":"page","link":"https:\/\/assmgym.saintmedardasso.fr\/?page_id=3184","title":{"rendered":"REMERCIEMENTS AUX B\u00c9N\u00c9VOLES"},"content":{"rendered":"\n<p>Nous tenons \u00e0 remercier l&rsquo;ensemble de nos b\u00e9n\u00e9voles ayant permis au club d&rsquo;organiser un nombre cons\u00e9quent d&rsquo;\u00e9v\u00e8nements cette saison.<\/p>\n\n\n\n<p>Sans vous, rien de tout cela ne pourrait \u00eatre possible \u2665 <\/p>\n\n\n\n<p>L&rsquo;ASSM Gymnastique est une grande famille qui accueille chaque ann\u00e9e un peu plus de monde, pour notre plus grand bonheur.<\/p>\n\n\n\n<div class=\"wp-block-image\"><figure class=\"aligncenter size-full\"><a href=\"https:\/\/assmgym.saintmedardasso.fr\/wp-content\/uploads\/2025\/10\/remerciements-benevoles.png\"><img loading=\"lazy\" width=\"487\" height=\"863\" src=\"https:\/\/assmgym.saintmedardasso.fr\/wp-content\/uploads\/2025\/10\/remerciements-benevoles.png\" alt=\"\" class=\"wp-image-3185\" srcset=\"https:\/\/assmgym.saintmedardasso.fr\/wp-content\/uploads\/2025\/10\/remerciements-benevoles.png 487w, https:\/\/assmgym.saintmedardasso.fr\/wp-content\/uploads\/2025\/10\/remerciements-benevoles-169x300.png 169w\" sizes=\"(max-width: 487px) 100vw, 487px\" \/><\/a><\/figure><\/div>\n","protected":false},"excerpt":{"rendered":"<p>Nous tenons \u00e0 remercier l&rsquo;ensemble de nos b\u00e9n\u00e9voles ayant permis au club d&rsquo;organiser un nombre cons\u00e9quent d&rsquo;\u00e9v\u00e8nements cette saison. Sans vous, rien de tout [&#8230;]<\/p>\n","protected":false},"author":2,"featured_media":0,"parent":0,"menu_order":0,"comment_status":"closed","ping_status":"closed","template":"","meta":{"ngg_post_thumbnail":0},"_links":{"self":[{"href":"https:\/\/assmgym.saintmedardasso.fr\/index.php?rest_route=\/wp\/v2\/pages\/3184"}],"collection":[{"href":"https:\/\/assmgym.saintmedardasso.fr\/index.php?rest_route=\/wp\/v2\/pages"}],"about":[{"href":"https:\/\/assmgym.saintmedardasso.fr\/index.php?rest_route=\/wp\/v2\/types\/page"}],"author":[{"embeddable":true,"href":"https:\/\/assmgym.saintmedardasso.fr\/index.php?rest_route=\/wp\/v2\/users\/2"}],"replies":[{"embeddable":true,"href":"https:\/\/assmgym.saintmedardasso.fr\/index.php?rest_route=%2Fwp%2Fv2%2Fcomments&post=3184"}],"version-history":[{"count":1,"href":"https:\/\/assmgym.saintmedardasso.fr\/index.php?rest_route=\/wp\/v2\/pages\/3184\/revisions"}],"predecessor-version":[{"id":3187,"href":"https:\/\/assmgym.saintmedardasso.fr\/index.php?rest_route=\/wp\/v2\/pages\/3184\/revisions\/3187"}],"wp:attachment":[{"href":"https:\/\/assmgym.saintmedardasso.fr\/index.php?rest_route=%2Fwp%2Fv2%2Fmedia&parent=3184"}],"curies":[{"name":"wp","href":"https:\/\/api.w.org\/{rel}","templated":true}]}}