{"id":3168,"date":"2025-10-20T16:37:49","date_gmt":"2025-10-20T14:37:49","guid":{"rendered":"https:\/\/assmgym.saintmedardasso.fr\/?page_id=3168"},"modified":"2025-10-20T16:37:49","modified_gmt":"2025-10-20T14:37:49","slug":"fete-du-sport-2024","status":"publish","type":"page","link":"https:\/\/assmgym.saintmedardasso.fr\/?page_id=3168","title":{"rendered":"F\u00caTE DU SPORT 2024"},"content":{"rendered":"\n<p>Le 15 juin 2024 a eu lieu la F\u00eate des Sports, \u00e0 Saint-M\u00e9dard-en-Jalles.<\/p>\n\n\n\n<p>Plac\u00e9e sous le signe des Jeux olympiques et paralympiques de Paris 2024, la 9\u1d49 \u00e9dition a invit\u00e9 petits et grands \u00e0 d\u00e9couvrir les nombreuses disciplines sportives propos\u00e9es par les associations de la ville.<\/p>\n\n\n\n<p>L&rsquo;ASSM Gym a propos\u00e9 un parcours pour les 2-8 ans gr\u00e2ce aux b\u00e9n\u00e9voles et entra\u00eeneurs pr\u00e9sents pour l&rsquo;animer. Il \u00e9tait \u00e9galement possible d&rsquo;obtenir des renseignements sur les inscriptions de la saison suivante.<\/p>\n\n\n\n<p>Nos jeunes champions de France ont \u00e9galement \u00e9t\u00e9 r\u00e9compens\u00e9s par la municipalit\u00e9.<br \/><\/p>\n\n\n\n<div class=\"wp-block-image\"><figure class=\"aligncenter size-full\"><a href=\"https:\/\/assmgym.saintmedardasso.fr\/wp-content\/uploads\/2025\/10\/fete-du-sport-2024.png\"><img loading=\"lazy\" width=\"484\" height=\"866\" src=\"https:\/\/assmgym.saintmedardasso.fr\/wp-content\/uploads\/2025\/10\/fete-du-sport-2024.png\" alt=\"\" class=\"wp-image-3169\" srcset=\"https:\/\/assmgym.saintmedardasso.fr\/wp-content\/uploads\/2025\/10\/fete-du-sport-2024.png 484w, https:\/\/assmgym.saintmedardasso.fr\/wp-content\/uploads\/2025\/10\/fete-du-sport-2024-168x300.png 168w\" sizes=\"(max-width: 484px) 100vw, 484px\" \/><\/a><\/figure><\/div>\n\n\n\n<p><\/p>\n","protected":false},"excerpt":{"rendered":"<p>Le 15 juin 2024 a eu lieu la F\u00eate des Sports, \u00e0 Saint-M\u00e9dard-en-Jalles. Plac\u00e9e sous le signe des Jeux olympiques et paralympiques de Paris [&#8230;]<\/p>\n","protected":false},"author":2,"featured_media":0,"parent":0,"menu_order":0,"comment_status":"closed","ping_status":"closed","template":"","meta":{"ngg_post_thumbnail":0},"_links":{"self":[{"href":"https:\/\/assmgym.saintmedardasso.fr\/index.php?rest_route=\/wp\/v2\/pages\/3168"}],"collection":[{"href":"https:\/\/assmgym.saintmedardasso.fr\/index.php?rest_route=\/wp\/v2\/pages"}],"about":[{"href":"https:\/\/assmgym.saintmedardasso.fr\/index.php?rest_route=\/wp\/v2\/types\/page"}],"author":[{"embeddable":true,"href":"https:\/\/assmgym.saintmedardasso.fr\/index.php?rest_route=\/wp\/v2\/users\/2"}],"replies":[{"embeddable":true,"href":"https:\/\/assmgym.saintmedardasso.fr\/index.php?rest_route=%2Fwp%2Fv2%2Fcomments&post=3168"}],"version-history":[{"count":1,"href":"https:\/\/assmgym.saintmedardasso.fr\/index.php?rest_route=\/wp\/v2\/pages\/3168\/revisions"}],"predecessor-version":[{"id":3171,"href":"https:\/\/assmgym.saintmedardasso.fr\/index.php?rest_route=\/wp\/v2\/pages\/3168\/revisions\/3171"}],"wp:attachment":[{"href":"https:\/\/assmgym.saintmedardasso.fr\/index.php?rest_route=%2Fwp%2Fv2%2Fmedia&parent=3168"}],"curies":[{"name":"wp","href":"https:\/\/api.w.org\/{rel}","templated":true}]}}