{"id":3150,"date":"2025-10-20T16:28:26","date_gmt":"2025-10-20T14:28:26","guid":{"rendered":"https:\/\/assmgym.saintmedardasso.fr\/?page_id=3150"},"modified":"2025-10-20T16:28:26","modified_gmt":"2025-10-20T14:28:26","slug":"carnaval-2024","status":"publish","type":"page","link":"https:\/\/assmgym.saintmedardasso.fr\/?page_id=3150","title":{"rendered":"CARNAVAL 2024"},"content":{"rendered":"\n<p>L&rsquo;ASSM au carnaval 2024 de Saint-M\u00e9dard-en-Jalles !<br \/>Une belle occasion de s&rsquo;amuser en famille et entre amis.<\/p>\n\n\n\n<p>Merci \u00e0 ceux qui sont venus et bravo pour vos jolis d\u00e9guisements !<br \/>Merci \u00e9galement aux services de la ville, aux b\u00e9n\u00e9voles, aux associations, forces de l&rsquo;ordre qui ont fait de cette journ\u00e9e, une r\u00e9ussite !<br \/><\/p>\n\n\n\n<div class=\"wp-block-image is-style-default\" style=\"border-radius:0px\"><figure class=\"aligncenter size-full\"><a href=\"https:\/\/assmgym.saintmedardasso.fr\/wp-content\/uploads\/2025\/10\/carnaval-2024.png\"><img loading=\"lazy\" width=\"485\" height=\"865\" src=\"https:\/\/assmgym.saintmedardasso.fr\/wp-content\/uploads\/2025\/10\/carnaval-2024.png\" alt=\"\" class=\"wp-image-3153\" srcset=\"https:\/\/assmgym.saintmedardasso.fr\/wp-content\/uploads\/2025\/10\/carnaval-2024.png 485w, https:\/\/assmgym.saintmedardasso.fr\/wp-content\/uploads\/2025\/10\/carnaval-2024-168x300.png 168w\" sizes=\"(max-width: 485px) 100vw, 485px\" \/><\/a><\/figure><\/div>\n\n\n\n<p><\/p>\n","protected":false},"excerpt":{"rendered":"<p>L&rsquo;ASSM au carnaval 2024 de Saint-M\u00e9dard-en-Jalles !Une belle occasion de s&rsquo;amuser en famille et entre amis. Merci \u00e0 ceux qui sont venus et bravo [&#8230;]<\/p>\n","protected":false},"author":2,"featured_media":0,"parent":0,"menu_order":0,"comment_status":"closed","ping_status":"closed","template":"","meta":{"ngg_post_thumbnail":0},"_links":{"self":[{"href":"https:\/\/assmgym.saintmedardasso.fr\/index.php?rest_route=\/wp\/v2\/pages\/3150"}],"collection":[{"href":"https:\/\/assmgym.saintmedardasso.fr\/index.php?rest_route=\/wp\/v2\/pages"}],"about":[{"href":"https:\/\/assmgym.saintmedardasso.fr\/index.php?rest_route=\/wp\/v2\/types\/page"}],"author":[{"embeddable":true,"href":"https:\/\/assmgym.saintmedardasso.fr\/index.php?rest_route=\/wp\/v2\/users\/2"}],"replies":[{"embeddable":true,"href":"https:\/\/assmgym.saintmedardasso.fr\/index.php?rest_route=%2Fwp%2Fv2%2Fcomments&post=3150"}],"version-history":[{"count":1,"href":"https:\/\/assmgym.saintmedardasso.fr\/index.php?rest_route=\/wp\/v2\/pages\/3150\/revisions"}],"predecessor-version":[{"id":3161,"href":"https:\/\/assmgym.saintmedardasso.fr\/index.php?rest_route=\/wp\/v2\/pages\/3150\/revisions\/3161"}],"wp:attachment":[{"href":"https:\/\/assmgym.saintmedardasso.fr\/index.php?rest_route=%2Fwp%2Fv2%2Fmedia&parent=3150"}],"curies":[{"name":"wp","href":"https:\/\/api.w.org\/{rel}","templated":true}]}}