{"id":2929,"date":"2025-10-09T12:12:24","date_gmt":"2025-10-09T10:12:24","guid":{"rendered":"https:\/\/assmgym.saintmedardasso.fr\/?page_id=2929"},"modified":"2025-11-01T14:49:54","modified_gmt":"2025-11-01T13:49:54","slug":"tuco-tuco","status":"publish","type":"page","link":"https:\/\/assmgym.saintmedardasso.fr\/?page_id=2929","title":{"rendered":"TUCO-TUCO"},"content":{"rendered":"\n<div class=\"wp-block-image\"><figure class=\"aligncenter size-large\"><a href=\"https:\/\/assmgym.saintmedardasso.fr\/wp-content\/uploads\/2025\/11\/IMG-20251101-WA0041.jpg\"><img loading=\"lazy\" width=\"1024\" height=\"724\" src=\"https:\/\/assmgym.saintmedardasso.fr\/wp-content\/uploads\/2025\/11\/IMG-20251101-WA0041-1024x724.jpg\" alt=\"\" class=\"wp-image-3636\" srcset=\"https:\/\/assmgym.saintmedardasso.fr\/wp-content\/uploads\/2025\/11\/IMG-20251101-WA0041-1024x724.jpg 1024w, https:\/\/assmgym.saintmedardasso.fr\/wp-content\/uploads\/2025\/11\/IMG-20251101-WA0041-300x212.jpg 300w, https:\/\/assmgym.saintmedardasso.fr\/wp-content\/uploads\/2025\/11\/IMG-20251101-WA0041-768x543.jpg 768w, https:\/\/assmgym.saintmedardasso.fr\/wp-content\/uploads\/2025\/11\/IMG-20251101-WA0041-1536x1087.jpg 1536w, https:\/\/assmgym.saintmedardasso.fr\/wp-content\/uploads\/2025\/11\/IMG-20251101-WA0041.jpg 1600w\" sizes=\"(max-width: 1024px) 100vw, 1024px\" \/><\/a><figcaption>Entra\u00een\u00e9es par Eolia et Dimitri<\/figcaption><\/figure><\/div>\n\n\n\n<p class=\"has-text-align-center\">L\u00e9onie D, Enola M, C\u00e9lia, Livia, Lor\u00e8ne, L\u00e9onie M, Katelle, Elsa, Lisa, Enola C, Anna<\/p>\n","protected":false},"excerpt":{"rendered":"<p>L\u00e9onie D, Enola M, C\u00e9lia, Livia, Lor\u00e8ne, L\u00e9onie M, Katelle, Elsa, Lisa, Enola C, Anna<\/p>\n","protected":false},"author":2,"featured_media":0,"parent":0,"menu_order":0,"comment_status":"closed","ping_status":"closed","template":"","meta":{"ngg_post_thumbnail":0},"_links":{"self":[{"href":"https:\/\/assmgym.saintmedardasso.fr\/index.php?rest_route=\/wp\/v2\/pages\/2929"}],"collection":[{"href":"https:\/\/assmgym.saintmedardasso.fr\/index.php?rest_route=\/wp\/v2\/pages"}],"about":[{"href":"https:\/\/assmgym.saintmedardasso.fr\/index.php?rest_route=\/wp\/v2\/types\/page"}],"author":[{"embeddable":true,"href":"https:\/\/assmgym.saintmedardasso.fr\/index.php?rest_route=\/wp\/v2\/users\/2"}],"replies":[{"embeddable":true,"href":"https:\/\/assmgym.saintmedardasso.fr\/index.php?rest_route=%2Fwp%2Fv2%2Fcomments&post=2929"}],"version-history":[{"count":3,"href":"https:\/\/assmgym.saintmedardasso.fr\/index.php?rest_route=\/wp\/v2\/pages\/2929\/revisions"}],"predecessor-version":[{"id":3638,"href":"https:\/\/assmgym.saintmedardasso.fr\/index.php?rest_route=\/wp\/v2\/pages\/2929\/revisions\/3638"}],"wp:attachment":[{"href":"https:\/\/assmgym.saintmedardasso.fr\/index.php?rest_route=%2Fwp%2Fv2%2Fmedia&parent=2929"}],"curies":[{"name":"wp","href":"https:\/\/api.w.org\/{rel}","templated":true}]}}