{"id":5332,"date":"2026-04-26T14:48:22","date_gmt":"2026-04-26T12:48:22","guid":{"rendered":"https:\/\/assmgym.saintmedardasso.fr\/?page_id=5332"},"modified":"2026-04-26T14:49:50","modified_gmt":"2026-04-26T12:49:50","slug":"vacances-de-paques-2026","status":"publish","type":"page","link":"http:\/\/assmgym.saintmedardasso.fr\/?page_id=5332","title":{"rendered":"VAVACNCES DE P\u00c2QUES 2026"},"content":{"rendered":"\n<p>Quelques photos du stage des loisirs du 15 avril 2026 !<\/p>\n\n\n\n<p>Un grand bravo \u00e0 tous nos petits gymnastes et merci aux entra\u00eeneurs et b\u00e9n\u00e9voles pour l\u2019organisation de cette belle journ\u00e9e.<\/p>\n\n\n\n<figure class=\"wp-block-gallery has-nested-images columns-2 is-cropped\">\n<figure class=\"wp-block-image size-large\"><a href=\"https:\/\/assmgym.saintmedardasso.fr\/wp-content\/uploads\/2026\/04\/WhatsApp-Image-2026-04-26-at-14.46.54-3.jpeg\"><img loading=\"lazy\" width=\"768\" height=\"1024\" data-id=\"5334\"  src=\"https:\/\/assmgym.saintmedardasso.fr\/wp-content\/uploads\/2026\/04\/WhatsApp-Image-2026-04-26-at-14.46.54-3-768x1024.jpeg\" alt=\"\" class=\"wp-image-5334\" srcset=\"http:\/\/assmgym.saintmedardasso.fr\/wp-content\/uploads\/2026\/04\/WhatsApp-Image-2026-04-26-at-14.46.54-3-768x1024.jpeg 768w, http:\/\/assmgym.saintmedardasso.fr\/wp-content\/uploads\/2026\/04\/WhatsApp-Image-2026-04-26-at-14.46.54-3-225x300.jpeg 225w, http:\/\/assmgym.saintmedardasso.fr\/wp-content\/uploads\/2026\/04\/WhatsApp-Image-2026-04-26-at-14.46.54-3-1152x1536.jpeg 1152w, http:\/\/assmgym.saintmedardasso.fr\/wp-content\/uploads\/2026\/04\/WhatsApp-Image-2026-04-26-at-14.46.54-3-900x1200.jpeg 900w, http:\/\/assmgym.saintmedardasso.fr\/wp-content\/uploads\/2026\/04\/WhatsApp-Image-2026-04-26-at-14.46.54-3.jpeg 1200w\" sizes=\"(max-width: 768px) 100vw, 768px\" \/><\/a><\/figure>\n\n\n\n<figure class=\"wp-block-image size-large\"><a href=\"https:\/\/assmgym.saintmedardasso.fr\/wp-content\/uploads\/2026\/04\/WhatsApp-Image-2026-04-26-at-14.46.54.jpeg\"><img loading=\"lazy\" width=\"768\" height=\"1024\" data-id=\"5335\"  src=\"https:\/\/assmgym.saintmedardasso.fr\/wp-content\/uploads\/2026\/04\/WhatsApp-Image-2026-04-26-at-14.46.54-768x1024.jpeg\" alt=\"\" class=\"wp-image-5335\" srcset=\"http:\/\/assmgym.saintmedardasso.fr\/wp-content\/uploads\/2026\/04\/WhatsApp-Image-2026-04-26-at-14.46.54-768x1024.jpeg 768w, http:\/\/assmgym.saintmedardasso.fr\/wp-content\/uploads\/2026\/04\/WhatsApp-Image-2026-04-26-at-14.46.54-225x300.jpeg 225w, http:\/\/assmgym.saintmedardasso.fr\/wp-content\/uploads\/2026\/04\/WhatsApp-Image-2026-04-26-at-14.46.54-1152x1536.jpeg 1152w, http:\/\/assmgym.saintmedardasso.fr\/wp-content\/uploads\/2026\/04\/WhatsApp-Image-2026-04-26-at-14.46.54-900x1200.jpeg 900w, http:\/\/assmgym.saintmedardasso.fr\/wp-content\/uploads\/2026\/04\/WhatsApp-Image-2026-04-26-at-14.46.54.jpeg 1200w\" sizes=\"(max-width: 768px) 100vw, 768px\" \/><\/a><\/figure>\n\n\n\n<figure class=\"wp-block-image size-large\"><a href=\"https:\/\/assmgym.saintmedardasso.fr\/wp-content\/uploads\/2026\/04\/WhatsApp-Image-2026-04-26-at-14.46.54-1.jpeg\"><img loading=\"lazy\" width=\"768\" height=\"1024\" data-id=\"5333\"  src=\"https:\/\/assmgym.saintmedardasso.fr\/wp-content\/uploads\/2026\/04\/WhatsApp-Image-2026-04-26-at-14.46.54-1-768x1024.jpeg\" alt=\"\" class=\"wp-image-5333\" srcset=\"http:\/\/assmgym.saintmedardasso.fr\/wp-content\/uploads\/2026\/04\/WhatsApp-Image-2026-04-26-at-14.46.54-1-768x1024.jpeg 768w, http:\/\/assmgym.saintmedardasso.fr\/wp-content\/uploads\/2026\/04\/WhatsApp-Image-2026-04-26-at-14.46.54-1-225x300.jpeg 225w, http:\/\/assmgym.saintmedardasso.fr\/wp-content\/uploads\/2026\/04\/WhatsApp-Image-2026-04-26-at-14.46.54-1-1152x1536.jpeg 1152w, http:\/\/assmgym.saintmedardasso.fr\/wp-content\/uploads\/2026\/04\/WhatsApp-Image-2026-04-26-at-14.46.54-1-900x1200.jpeg 900w, http:\/\/assmgym.saintmedardasso.fr\/wp-content\/uploads\/2026\/04\/WhatsApp-Image-2026-04-26-at-14.46.54-1.jpeg 1200w\" sizes=\"(max-width: 768px) 100vw, 768px\" \/><\/a><\/figure>\n\n\n\n<figure class=\"wp-block-image size-large\"><a href=\"https:\/\/assmgym.saintmedardasso.fr\/wp-content\/uploads\/2026\/04\/WhatsApp-Image-2026-04-26-at-14.46.54-2.jpeg\"><img loading=\"lazy\" width=\"768\" height=\"1024\" data-id=\"5336\"  src=\"https:\/\/assmgym.saintmedardasso.fr\/wp-content\/uploads\/2026\/04\/WhatsApp-Image-2026-04-26-at-14.46.54-2-768x1024.jpeg\" alt=\"\" class=\"wp-image-5336\" srcset=\"http:\/\/assmgym.saintmedardasso.fr\/wp-content\/uploads\/2026\/04\/WhatsApp-Image-2026-04-26-at-14.46.54-2-768x1024.jpeg 768w, http:\/\/assmgym.saintmedardasso.fr\/wp-content\/uploads\/2026\/04\/WhatsApp-Image-2026-04-26-at-14.46.54-2-225x300.jpeg 225w, http:\/\/assmgym.saintmedardasso.fr\/wp-content\/uploads\/2026\/04\/WhatsApp-Image-2026-04-26-at-14.46.54-2-1152x1536.jpeg 1152w, http:\/\/assmgym.saintmedardasso.fr\/wp-content\/uploads\/2026\/04\/WhatsApp-Image-2026-04-26-at-14.46.54-2-900x1200.jpeg 900w, http:\/\/assmgym.saintmedardasso.fr\/wp-content\/uploads\/2026\/04\/WhatsApp-Image-2026-04-26-at-14.46.54-2.jpeg 1200w\" sizes=\"(max-width: 768px) 100vw, 768px\" \/><\/a><\/figure>\n<\/figure>\n","protected":false},"excerpt":{"rendered":"<p>Quelques photos du stage des loisirs du 15 avril 2026 ! Un grand bravo \u00e0 tous nos petits gymnastes et merci aux entra\u00eeneurs et [&#8230;]<\/p>\n","protected":false},"author":2,"featured_media":0,"parent":0,"menu_order":0,"comment_status":"closed","ping_status":"closed","template":"","meta":{"ngg_post_thumbnail":0},"_links":{"self":[{"href":"http:\/\/assmgym.saintmedardasso.fr\/index.php?rest_route=\/wp\/v2\/pages\/5332"}],"collection":[{"href":"http:\/\/assmgym.saintmedardasso.fr\/index.php?rest_route=\/wp\/v2\/pages"}],"about":[{"href":"http:\/\/assmgym.saintmedardasso.fr\/index.php?rest_route=\/wp\/v2\/types\/page"}],"author":[{"embeddable":true,"href":"http:\/\/assmgym.saintmedardasso.fr\/index.php?rest_route=\/wp\/v2\/users\/2"}],"replies":[{"embeddable":true,"href":"http:\/\/assmgym.saintmedardasso.fr\/index.php?rest_route=%2Fwp%2Fv2%2Fcomments&post=5332"}],"version-history":[{"count":2,"href":"http:\/\/assmgym.saintmedardasso.fr\/index.php?rest_route=\/wp\/v2\/pages\/5332\/revisions"}],"predecessor-version":[{"id":5339,"href":"http:\/\/assmgym.saintmedardasso.fr\/index.php?rest_route=\/wp\/v2\/pages\/5332\/revisions\/5339"}],"wp:attachment":[{"href":"http:\/\/assmgym.saintmedardasso.fr\/index.php?rest_route=%2Fwp%2Fv2%2Fmedia&parent=5332"}],"curies":[{"name":"wp","href":"https:\/\/api.w.org\/{rel}","templated":true}]}}